8)/48)/((-7)/3 - -2). Let i = -38 - -57. Let a = i + z. What is the remainder when a is divided by 11?
9
Suppose 5*h + 3*u = -20, 74*h - u - 16 = 78*h. Suppose -2*k = -0*k - 196. What is the remainder when k is divided by 1/((-90)/(-85) + h + 3)?
13
Let f = -837 - -948. Suppose 3*o - f + 3 = 0. What is the remainder when o is divided by 27?
9
What is the remainder when 1051 is divided by 532*(-7 + (-225)/(-36) - -1)?
120
Suppose -458*c + 316211 + 74463 = 0. What is the remainder when c is divided by 302?
249
Let p(k) = 2*k**3 + 121*k**2 + 59*k - 50. What is the remainder when 146 is divided by p(-60)?
6
Let x(y) = 4*y**2 + 27*y - 324. Calculate the remainder when 607 is divided by x(8).
15
Suppose 0 = -3*i + 119 + 133. Let y = 28206 - 28201. What is the remainder when i is divided by y?
4
Suppose 128*h = 62*h + 47*h + 41610. Calculate the remainder when h is divided by 244.
238
Let s(q) be the third derivative of 0 - 1/8*q**4 + 4/3*q**3 + 1/60*q**5 - q - 2*q**2. Calculate the remainder when 123 is divided by s(5).
15
Let o(c) = -c**3 - 15*c**2 + 26*c - 121. What is the remainder when 702 is divided by o(-17)?
12
Let s = -50 + 54. Suppose -s*l + 9 = 1. What is the remainder when 1/l*(3 + 149) is divided by 13?
11
Let r(l) = -2*l**3 + 2*l**2 - 8*l + 1. Let b be r(3). Let c = b + 64. Suppose 0 = -c*s + 9*s - 612. What is the remainder when s is divided by 39?
36
Let l(c) = -c**3 + c**2 + c - 15. Let v be l(0). What is the remainder when 134 is divided by (-2 + v)*(19 - 20)?
15
Let s(m) = m**2 + 8*m + 22. Let a(p) = p**2 + 9*p + 21. Let b(u) = 6*a(u) - 4*s(u). Calculate the remainder when 70 is divided by b(-10).
16
Let s = 392 - 389. Suppose 2*u = -s*z + 215, -4*u - 160 = -z - 65. Calculate the remainder when z is divided by 11.
9
Let l = -2894 - -2940. Calculate the remainder when 207 is divided by l.
23
Let v = 2138 - 2128. What is the remainder when 249 is divided by v?
9
Let l(k) = 5*k**2 + 229*k + 807. Calculate the remainder when 382 is divided by l(-42).
4
Let p(v) = 17*v**2 + 172*v + 24. What is the remainder when 263 is divided by p(-10)?
3
Calculate the remainder when ((-5)/(-10))/((-17)/(-221782)) is divided by 68.
63
Let k(p) = 4*p**3 + 4*p - 1. Let g(f) = -8*f**2 + 3*f. Let c be g(1). Let m(w) = -6*w - 28. Let l be m(c). What is the remainder when 116 is divided by k(l)?
38
Suppose 4*l = -318 + 90. Let f = 76 + l. What is the remainder when (7 + 61/1)/(2*1) is divided by f?
15
Let m = -198 + 183. Let d = m - -38. Let f(l) = 3*l**2 - 5*l + 8. Calculate the remainder when f(9) is divided by d.
22
Suppose 321*m - 168*m = 9945. What is the remainder when 511 is divided by m?
56
Let c be 3*(-2)/4*-2. Suppose -4*l - 2*g = -94 - 450, c*l + 5*g - 408 = 0. Calculate the remainder when l is divided by (-90)/9*((-252)/(-8))/(-9).
31
Let y = 59657 + -59612. Let l = 424 + -286. What is the remainder when l is divided by y?
3
Let t = 88 + -85. Suppose -t*z + 25 = -5*h, 5 = -5*h - 5. Suppose a - 90 = -4*a - z*y, -4*a + 2*y = -102. Calculate the remainder when 84 is divided by a.
15
Suppose 4*b - 3*t - 35 = -8*t, 0 = -2*b - 3*t + 15. Suppose -k - 2*q - 11 + 30 = 0, -2*q - b = -k. Calculate the remainder when 143 is divided by k.
7
What is the remainder when -1*(-9 + 8 - -3) + (-1 - -205) is divided by 38?
12
Let z = -9412 - -9437. Calculate the remainder when 179 is divided by z.
4
Let m(f) = 103*f**2 + 1230*f - 1230. What is the remainder when 390 is divided by m(1)?
81
Suppose 0 = 5*f - b - 15, -3*f + b + 7 = -4. Suppose z + 442*o = 437*o + 34, -3*z + 32 = o. Calculate the remainder when z is divided by f.
1
Let y be (2/(-4))/(2/(-20)). Suppose y*p = 2*p + 45. Calculate the remainder when (11 - -7 - 20) + (-75)/(-1) is divided by p.
13
Suppose 0 = -58*s + 48897 + 65015. What is the remainder when s is divided by 651?
11
Suppose -5*x + 4*g = -580, -82 + 87 = g. What is the remainder when x is divided by 41?
38
Let k(g) = -g**3 - 32*g**2 + 65*g + 140. What is the remainder when k(-34) is divided by 70?
32
Suppose 0 = -120*b + 5616 + 6327 - 4623. What is the remainder when 127 is divided by b?
5
What is the remainder when 203 is divided by (((-140)/(-8))/7)/(3/78)?
8
Let p = -3554 + 3734. Calculate the remainder when 286 is divided by p.
106
Let t(y) = -1024*y + 223. Calculate the remainder when t(-19) is divided by 48.
47
Suppose 318*i - 69*i = 8217. Let l = -1 + 3. Suppose -l*r + 7*r - 60 = 0. Calculate the remainder when i is divided by r.
9
Suppose 1 = j - 23. Let p be 53095/(-25) + (-2)/10. Calculate the remainder when (6/(-4))/(27/p) is divided by j.
22
Suppose 3*s = 4*d - 101, 2*d = 3*s - 53 + 102. What is the remainder when d is divided by 21/9 - (-2)/3?
2
Let m(i) = 8 - 9 - 5*i + 12*i. Let b be m(1). Suppose 34 = 5*s - b. Calculate the remainder when s is divided by 3.
2
Let i = 7 - 7. Suppose 0 = -2*t + 2 + 26. What is the remainder when 55 is divided by i - t/63 - (-364)/18?
15
Let i = 144 + -45. Calculate the remainder when i is divided by ((-125)/(-75) + (159/(-9) - 1))*-2.
31
Suppose -2*d - 4*o = -196, -5*d + 565 = -0*d - 5*o. What is the remainder when d is divided by (-38 - -30)*((-30)/8 - -1)?
20
Suppose 21 = -19*m - 36. Suppose 0 = 3*b - b - 6. What is the remainder when 15 is divided by (2/b)/(m + 332/108)?
6
Let l = 255 + -247. Let f = 21 - l. Calculate the remainder when 50 is divided by f.
11
Suppose -5*s + 10 + 20 = 0, 2*o = 4*s + 6162. What is the remainder when o is divided by 16?
5
Let i be (-1 + 139/(-2))/((-129)/258). Let p = i - 61. Calculate the remainder when p is divided by 17.
12
Suppose 6470 = 186*u - 6266 - 2330. Calculate the remainder when 636 is divided by u.
69
Let v be 1/(25/120 - (-3)/(-9)). What is the remainder when 168 is divided by 30 - -7*v/56?
23
Calculate the remainder when (-1 + 1 - (2 - (309 + 4))) + -5 is divided by 10.
6
Let q(o) = 7*o - 2. Let j be q(3). Suppose -j*c + 5*a = -17*c - 11, 4*c + a = 11. Let y(d) = d**2 - d + 4. What is the remainder when y(0) is divided by c?
1
Suppose 7816 = 2*q - 10*q. Let f = q - -987. Calculate the remainder when 45 is divided by f.
5
Let k be -2 + -1 - -2 - -1. Let d(g) = 5*g + 30. Let s be d(k). What is the remainder when 2 - 24/2*s/(-4) is divided by 19?
16
Suppose -4*b = 2*k - 342, -334 = -k + 21*b - 94. Let s = -9 + 19. What is the remainder when k is divided by s?
7
Suppose -18 = 1129*d - 1130*d - x, 4*d - 4*x - 64 = 0. Suppose 4*a + f - 3 - 8 = 0, -5*a + 19 = 3*f. Calculate the remainder when d is divided by a.
1
Suppose 22*b = 9*b + 390. Calculate the remainder when 154 is divided by b.
4
Suppose -8*i = -79 - 41. Let d = 198 + -125. Calculate the remainder when d is divided by i.
13
Suppose 0 = -3*n + j + 88 + 36, 76 = 2*n - 4*j. Calculate the remainder when n is divided by 24.
18
Calculate the remainder when (0 + 20/6)*3 is divided by (-52)/(-8) + (-24*(-1)/8)/6.
3
Let z be ((-133)/(-7))/((-2)/(-2)). Suppose z = 3*f + 1. Suppose -30 - 24 = -f*w. Calculate the remainder when w is divided by 8.
1
Suppose 2*q + 10 = -3*q, -5*q - 9988 = -3*y. Calculate the remainder when y is divided by 554.
2
Suppose 2*g + 2*g - l - 623 = 0, 295 = 2*g + 5*l. Suppose 2*o + 2*p = 92, 5660*p = o + 5657*p - 18. What is the remainder when g is divided by o?
38
Let u(b) = 3*b**2 - 4*b - 3. Calculate the remainder when -7 + 1 + 1 + 3127/53 is divided by u(4).
25
Suppose -460 = -3*v - 364. What is the remainder when 114 is divided by v?
18
Suppose 0 = -82*h - 100*h + 5096. What is the remainder when 780 is divided by h?
24
Let i(g) = -33*g + 988. What is the remainder when i(0) is divided by 40?
28
Suppose 18 = 4*n + q, -5*n - 2*q + 19 = q. Let y be (54/15)/3*345. Suppose -5*f = 3*d - y, -n*f = -d - 2*d + 414. What is the remainder when d is divided by 28?
26
Let g = -5 - -40. Let o(j) = -19*j**3 - j**2 + 2*j + 2. Let c = 43 + -44. What is the remainder when g is divided by o(c)?
17
Suppose 53 + 11 = -8*c. Calculate the remainder when ((-60)/c)/(0 + (-3)/(-10)) is divided by 15.
10
Calculate the remainder when -21 - (-16 + -339 - 13) is divided by 150.
47
Suppose 17*c = -16*c + 16*c + 6188. Calculate the remainder when c is divided by 91.
0
What is the remainder when 908 is divided by -3 - (-26)/(-26)*-12?
8
Suppose -3*g = 4*r - 491, -5*r = -5*g - 0*r + 760. Suppose 0 = -40*k +